n 463 is divided by 141?
40
What is the remainder when 2196 is divided by 715?
51
What is the remainder when 23790 is divided by 362?
260
Calculate the remainder when 183017 is divided by 49.
2
Calculate the remainder when 4602 is divided by 346.
104
What is the remainder when 6438 is divided by 1014?
354
What is the remainder when 17397 is divided by 5728?
213
Calculate the remainder when 7013 is divided by 20.
13
What is the remainder when 62832 is divided by 92?
88
Calculate the remainder when 29710 is divided by 127.
119
What is the remainder when 132462 is divided by 8?
6
Calculate the remainder when 1317 is divided by 66.
63
Calculate the remainder when 1554 is divided by 5.
4
Calculate the remainder when 580 is divided by 530.
50
Calculate the remainder when 79640 is divided by 885.
875
What is the remainder when 74289 is divided by 17?
16
Calculate the remainder when 19452 is divided by 1296.
12
What is the remainder when 805 is divided by 4?
1
What is the remainder when 219844 is divided by 392?
324
What is the remainder when 3045 is divided by 55?
20
Calculate the remainder when 6403 is divided by 637.
33
What is the remainder when 2398 is divided by 1864?
534
Calculate the remainder when 6344 is divided by 97.
39
What is the remainder when 22315 is divided by 61?
50
What is the remainder when 37583 is divided by 67?
63
What is the remainder when 9199 is divided by 483?
22
Calculate the remainder when 377603 is divided by 38.
35
What is the remainder when 4422 is divided by 186?
144
What is the remainder when 17249 is divided by 2381?
582
What is the remainder when 237269 is divided by 22?
21
Calculate the remainder when 6800 is divided by 4.
0
Calculate the remainder when 199547 is divided by 6.
5
What is the remainder when 1092 is divided by 307?
171
Calculate the remainder when 50806 is divided by 50806.
0
Calculate the remainder when 4690 is divided by 53.
26
What is the remainder when 5474 is divided by 10?
4
What is the remainder when 187724 is divided by 161?
159
What is the remainder when 20514 is divided by 10254?
6
What is the remainder when 11746 is divided by 34?
16
What is the remainder when 66785 is divided by 253?
246
What is the remainder when 62168 is divided by 8867?
99
Calculate the remainder when 73030 is divided by 76.
70
What is the remainder when 4547 is divided by 665?
557
What is the remainder when 2950 is divided by 317?
97
What is the remainder when 74840 is divided by 67?
1
What is the remainder when 44459 is divided by 9?
8
What is the remainder when 1410 is divided by 76?
42
Calculate the remainder when 2482 is divided by 401.
76
Calculate the remainder when 295773 is divided by 48.
45
What is the remainder when 2373 is divided by 941?
491
Calculate the remainder when 3470 is divided by 170.
70
What is the remainder when 167657 is divided by 415?
412
Calculate the remainder when 140170 is divided by 225.
220
What is the remainder when 15047 is divided by 602?
599
Calculate the remainder when 17181 is divided by 177.
12
What is the remainder when 8717 is divided by 56?
37
Calculate the remainder when 386375 is divided by 77271.
20
What is the remainder when 92296 is divided by 923?
919
Calculate the remainder when 100830 is divided by 184.
182
Calculate the remainder when 34042 is divided by 148.
2
Calculate the remainder when 11019 is divided by 2200.
19
What is the remainder when 45601 is divided by 6513?
10
What is the remainder when 7640 is divided by 200?
40
What is the remainder when 606852 is divided by 31?
27
Calculate the remainder when 16186 is divided by 294.
16
What is the remainder when 447462 is divided by 79?
6
What is the remainder when 37916 is divided by 24?
20
Calculate the remainder when 1683 is divided by 557.
12
Calculate the remainder when 618826 is divided by 371.
369
What is the remainder when 9143 is divided by 1826?
13
Calculate the remainder when 889834 is divided by 1135.
1129
What is the remainder when 625326 is divided by 625326?
0
Calculate the remainder when 3678 is divided by 73.
28
Calculate the remainder when 157835 is divided by 1205.
1185
Calculate the remainder when 8033 is divided by 116.
29
Calculate the remainder when 9706 is divided by 145.
136
What is the remainder when 12014 is divided by 1001?
2
Calculate the remainder when 7598 is divided by 1887.
50
Calculate the remainder when 168534 is divided by 33703.
19
What is the remainder when 8769 is divided by 175?
19
Calculate the remainder when 18577 is divided by 4629.
61
Calculate the remainder when 11550 is divided by 12.
6
Calculate the remainder when 125459 is divided by 60.
59
What is the remainder when 12738 is divided by 177?
171
What is the remainder when 398725 is divided by 506?
503
What is the remainder when 1234 is divided by 71?
27
What is the remainder when 74231 is divided by 2651?
3
Calculate the remainder when 9100 is divided by 3026.
22
What is the remainder when 90870 is divided by 2019?
15
Calculate the remainder when 35457 is divided by 412.
25
Calculate the remainder when 132879 is divided by 214.
199
What is the remainder when 49116 is divided by 88?
12
Calculate the remainder when 90881 is divided by 645.
581
Calculate the remainder when 2238 is divided by 16.
14
What is the remainder when 37497 is divided by 30?
27
What is the remainder when 8096 is divided by 8090?
6
Calculate the remainder when 100254 is divided by 33389.
87
What is the remainder when 3440 is divided by 102?
74
Calculate the remainder when 24460 is divided by 691.
275
What is the remainder when 160510 is divided by 33?
31
Calculate the remainder when 10246 is divided by 603.
598
Calculate the remainder when 99 is divided by 12.
3
What is the remainder when 13202 is divided by 706?
494
Calculate the remainder when 208552 is divided by 1458.
58
Calculate the remainder when 110564 is divided by 9.
8
What is the remainder when 30054 is divided by 221?
219
Calculate the remainder when 15842 is divided by 206.
186
Calculate the remainder when 3160 is divided by 635.
620
What is the remainder when 30208 is divided by 329?
269
Calculate the remainder when 3757 is divided by 143.
39
Calculate the remainder when 12985 is divided by 2527.
350
What is the remainder when 40448 is divided by 155?
148
What is the remainder when 11505 is divided by 250?
5
What is the remainder when 1259786 is divided by 735?
731
What is the remainder when 300 is divided by 87?
39
What is the remainder when 83026 is divided by 177?
13
What is the remainder when 34384 is divided by 8588?
32
Calculate the remainder when 70335 is divided by 35.
20
What is the remainder when 5939 is divided by 2957?
25
Calculate the remainder when 11358 is divided by 16.
14
Calculate the remainder when 402693 is divided by 238.
235
What is the remainder when 25375 is divided by 4?
3
What is the remainder when 205627 is divided by 336?
331
What is the remainder when 28723 is divided by 201?
181
What is the remainder when 4019 is divided by 167?
11
Calculate the remainder when 13064 is divided by 2177.
2
Calculate the remainder when 114790 is divided by 205.
195
What is the remainder when 327222 is divided by 109072?
6
Calculate the remainder when 7042 is divided by 18.
4
Calculate the remainder when 8023 is divided by 735.
673
Calculate the remainder when 2392 is divided by 1148.
96
Calculate the remainder when 1827 is divided by 443.
55
What is the remainder when 25036 is divided by 1196?
1116
Calculate the remainder when 11700 is divided by 1546.
878
Calculate the remainder when 201755 is divided by 22.
15
What is the remainder when 7808 is divided by 1915?
148
What is the remainder when 3256 is divided by 1080?
16
Calculate the remainder when 260928 is divided by 733.
713
Calculate the remainder when 5109 is divided by 169.
39
What is the remainder when 20039 is divided by 153?
149
Calculate the remainder when 2316 is divided by 2307.
9
What is the remainder when 1935 is divided by 1907?
28
Calculate the remainder when 14882 is divided by 7050.
782
Calculate the remainder when 2786 is divided by 100.
86
Calculate the remainder when 17812 is divided by 61.
0
Calculate the remainder when 64476 is divided by 379.
46
What is the remainder when 3132310 is divided by 101?